ulate the highest common divisor of 18020 and 34.
34
What is the highest common factor of 3050 and 200?
50
Calculate the greatest common divisor of 10 and 34.
2
What is the greatest common factor of 1118 and 13?
13
Calculate the greatest common divisor of 297 and 22.
11
What is the highest common factor of 792 and 24?
24
What is the greatest common factor of 33 and 1848?
33
What is the highest common factor of 240 and 690?
30
Calculate the highest common divisor of 84 and 90.
6
Calculate the greatest common factor of 143 and 1664.
13
What is the greatest common divisor of 1715 and 98?
49
Calculate the greatest common divisor of 14 and 58.
2
What is the greatest common factor of 43299 and 306?
153
Calculate the greatest common divisor of 70 and 15.
5
Calculate the highest common factor of 7 and 4004.
7
What is the highest common divisor of 308 and 572?
44
Calculate the greatest common factor of 20 and 190.
10
Calculate the highest common factor of 69 and 621.
69
What is the greatest common divisor of 588 and 6076?
196
Calculate the highest common factor of 18 and 46.
2
What is the highest common factor of 8857 and 34?
17
What is the greatest common factor of 756 and 1440?
36
Calculate the highest common factor of 1134 and 6678.
126
What is the greatest common factor of 124 and 434?
62
What is the greatest common divisor of 17 and 306?
17
Calculate the greatest common factor of 18 and 1062.
18
Calculate the highest common factor of 606 and 24.
6
Calculate the greatest common divisor of 1175 and 188.
47
What is the highest common divisor of 342 and 3382?
38
Calculate the highest common divisor of 24500 and 280.
140
Calculate the greatest common factor of 11 and 187.
11
What is the greatest common factor of 427 and 122?
61
Calculate the highest common factor of 8 and 7896.
8
What is the greatest common divisor of 27 and 459?
27
What is the highest common factor of 3 and 58?
1
What is the highest common divisor of 96 and 160?
32
What is the greatest common factor of 460 and 57500?
460
What is the greatest common factor of 426 and 6?
6
What is the highest common divisor of 54 and 2133?
27
Calculate the highest common factor of 3 and 15927.
3
What is the greatest common divisor of 42 and 448?
14
Calculate the greatest common factor of 315 and 189.
63
Calculate the greatest common factor of 16 and 4552.
8
What is the highest common factor of 1717 and 17?
17
What is the greatest common factor of 48 and 258?
6
What is the highest common divisor of 125 and 200?
25
Calculate the highest common factor of 4 and 4356.
4
What is the highest common divisor of 226 and 1017?
113
Calculate the highest common factor of 36 and 17076.
12
Calculate the greatest common divisor of 1056 and 99.
33
What is the highest common divisor of 110 and 7810?
110
What is the highest common divisor of 1232 and 1342?
22
Calculate the highest common divisor of 906 and 54.
6
What is the greatest common divisor of 58 and 4?
2
What is the highest common divisor of 2946 and 24?
6
Calculate the highest common divisor of 93 and 10199.
31
What is the highest common divisor of 45 and 2775?
15
What is the greatest common factor of 162 and 318?
6
What is the greatest common divisor of 37 and 999?
37
Calculate the highest common factor of 126 and 19719.
63
What is the highest common factor of 12 and 44?
4
Calculate the greatest common divisor of 9374 and 774.
86
Calculate the greatest common divisor of 19 and 5833.
19
What is the highest common factor of 2587 and 14925?
199
Calculate the highest common factor of 93 and 124.
31
Calculate the highest common divisor of 170 and 30.
10
Calculate the highest common factor of 1593 and 27.
27
Calculate the highest common divisor of 1593 and 295.
59
Calculate the greatest common factor of 3629 and 19.
19
What is the greatest common factor of 80 and 1500?
20
What is the highest common factor of 18721 and 97?
97
What is the greatest common divisor of 868 and 14?
14
What is the greatest common factor of 2744 and 14?
14
Calculate the highest common divisor of 22 and 10.
2
What is the greatest common divisor of 1632 and 96?
96
Calculate the highest common factor of 3047 and 22.
11
Calculate the greatest common divisor of 4978 and 418.
38
What is the highest common factor of 70 and 2170?
70
What is the highest common divisor of 380 and 120?
20
Calculate the highest common factor of 12772 and 62.
62
What is the highest common divisor of 340 and 80?
20
Calculate the greatest common factor of 70 and 190.
10
What is the highest common divisor of 4 and 124?
4
Calculate the highest common factor of 819 and 3367.
91
What is the greatest common factor of 366 and 3111?
183
What is the greatest common factor of 329 and 141?
47
What is the greatest common factor of 60 and 160?
20
Calculate the highest common divisor of 60 and 70.
10
What is the greatest common divisor of 306 and 34?
34
Calculate the greatest common factor of 108 and 1788.
12
Calculate the greatest common factor of 222 and 3885.
111
Calculate the greatest common divisor of 950 and 85.
5
What is the highest common factor of 241 and 60491?
241
Calculate the greatest common divisor of 19 and 836.
19
What is the highest common factor of 81 and 297?
27
Calculate the greatest common divisor of 7 and 7.
7
What is the highest common factor of 11 and 473?
11
What is the highest common factor of 10315 and 5?
5
Calculate the highest common factor of 833 and 245.
49
Calculate the greatest common factor of 1275 and 50.
25
What is the greatest common factor of 234 and 99?
9
What is the greatest common factor of 190 and 4104?
38
What is the highest common divisor of 456 and 114?
114
What is the highest common factor of 112 and 280?
56
Calculate the greatest common factor of 51 and 3264.
51
Calculate the greatest common divisor of 115 and 2668.
23
What is the greatest common divisor of 119 and 391?
17
Calculate the highest common factor of 5046 and 4.
2
What is the greatest common factor of 26230 and 43?
43
What is the highest common factor of 66 and 366?
6
Calculate the greatest common divisor of 594 and 2772.
198
Calculate the highest common factor of 104 and 117.
13
Calculate the highest common factor of 8730 and 360.
90
Calculate the highest common divisor of 18 and 6.
6
Calculate the highest common factor of 68 and 1292.
68
What is the greatest common divisor of 48 and 4528?
16
What is the highest common factor of 46740 and 20?
20
Calculate the greatest common factor of 8 and 6.
2
What is the highest common factor of 540 and 216?
108
What is the highest common divisor of 87 and 23577?
87
What is the greatest common divisor of 49 and 7?
7
What is the highest common factor of 2074 and 17?
17
Calculate the greatest common divisor of 704 and 20.
4
Calculate the highest common divisor of 24 and 1068.
12
Calculate the highest common factor of 78 and 442.
26
What is the highest common divisor of 93 and 3813?
93
What is the highest common factor of 224 and 14?
14
What is the highest common factor of 7 and 1?
1
What is the highest common divisor of 66 and 12606?
66
Calculate the highest common divisor of 39 and 2119.
13
Calculate the greatest common factor of 66 and 418.
22
Calculate the highest common factor of 106 and 106.
106
What is the highest common factor of 585 and 360?
45
Calculate the highest common factor of 36 and 126.
18
Calculate the highest common divisor of 5751 and 45.
9
Calculate the greatest common factor of 144 and 11736.
72
What is the greatest common factor of 50 and 30?
10
Calculate the highest common divisor of 16 and 152.
8
What is the highest common factor of 10 and 890?
10
Calculate the highest common divisor of 1044 and 36.
36
What is the greatest common factor of 3050 and 122?
122
What is the greatest common factor of 93 and 217?
31
What is the greatest common factor of 92 and 9315?
23
Calculate the greatest common factor of 713 and 31.
31
What is the greatest common factor of 8 and 108?
4
What is the highest common factor of 5 and 1195?
5
Calculate the greatest common factor of 73 and 657.
73
Calculate the greatest common factor of 20510 and 280.
70
Calculate the highest common divisor of 103 and 1957.
103
Calculate the greatest common divisor of 138 and 3657.
69
Calculate the highest comm